*q - 7 = 2*q - 3*h, 4*q - 3*h + 11 = 0. What is the tens digit of (-500)/(-35) - q/(-7)?
1
Let d = -37 + 62. What is the units digit of d?
5
Let t = -89 - -234. What is the units digit of t?
5
Suppose -8 = s + 5*l + 8, 0 = 2*s - 4*l + 74. Let j = s - -49. Suppose p - 6 = -y - 2*p, 0 = 3*y + 3*p - j. What is the units digit of y?
6
Let x(p) = -p**2 + 12*p - 5. Let t be x(8). Let h = 5 + t. What is the units digit of h?
2
Let m = 650 + -385. What is the hundreds digit of m?
2
Let n = 4 - 3. Let t be (n/2)/((-2)/20). What is the units digit of (6/t)/(6/(-45))?
9
Suppose 119 = 2*c - 5*q - 150, -c - 2*q = -130. What is the tens digit of c?
3
Let z(l) = l**2 - 3*l + 2. Let b be z(6). Suppose -3*h + 7*q = 4*q - 27, -b = 5*q. What is the units digit of h?
5
Suppose -3*j + 1 - 16 = 0. What is the units digit of (j/2)/(1/(-2))?
5
Suppose x = 2*t - 4, -3*t = -0*t - 3*x - 6. Let g(q) = t*q + 4 - q - q + 2*q. What is the tens digit of g(7)?
1
Let k(h) = -h**2 + 5*h + 5. Let z(i) = 2*i - 8. Let s be (-3)/3 - (1 - 8). Let w be z(s). What is the units digit of k(w)?
9
Let l(j) = 13*j - 16. Let m(c) be the third derivative of c**4/8 - 2*c**3/3 - 2*c**2. Let n(k) = 2*l(k) - 9*m(k). What is the units digit of n(0)?
4
Let o be (6/(-4))/(2/(-4)). Suppose -91 = -o*l + 53. Suppose -3*f - 2*f = 4*c - 52, -4*c - 4*f + l = 0. What is the units digit of c?
8
Let r(i) = 3*i - 7. Let l be r(7). Let v = 31 - l. What is the tens digit of v?
1
Let f(o) = -22*o - 16. What is the units digit of f(-4)?
2
Suppose -5*k = 15, 3*l + 11 = -4*k - 10. Let p(m) = m**2 - 3. Let o be p(l). What is the units digit of (14/o)/((-5)/(-15))?
7
Let h = -91 + 179. What is the tens digit of h?
8
Let k = -31 - -45. What is the tens digit of k?
1
Let i(t) be the first derivative of t**4/4 + 5*t**3/3 + 2*t**2 - t + 1. Let w(o) = -o**2 - 2*o - 3. Let l be w(-2). What is the units digit of i(l)?
5
Let g(y) = y**3 - 7*y**2 + 1. Let w be g(7). What is the units digit of -3 + w*(-9)/(-1)?
6
Let z = 41 - 12. What is the tens digit of z?
2
Let g = 110 + -59. What is the units digit of g?
1
Let i = 2 - 0. Suppose -y + 12 = i*y. Suppose -y*x + 14 = -3*x. What is the units digit of x?
4
Suppose -3*a + 15 = 0, -97 = -3*o - 0*a + a. What is the units digit of o?
4
Suppose -8*y + 3*y + 205 = 0. What is the units digit of y?
1
Let m = 122 - 81. What is the units digit of m?
1
What is the tens digit of (54 + 7 + -3)/1?
5
Let x be 8/12 + (-4)/6. Suppose z - 1 - 2 = x. Suppose -2*g = z*g - 40. What is the units digit of g?
8
Let a(s) = 6*s**2 + 2*s - 1. What is the units digit of a(1)?
7
Suppose 3*i = -i + 60. What is the tens digit of i?
1
What is the tens digit of (20/7)/((-22)/(-385))?
5
Suppose r = -r + 240. Let q = r - 85. What is the tens digit of q?
3
Let k(u) = -5*u - 10. Let y(h) = -h**3 - 6*h**2 - 4*h. Let z be y(-5). What is the tens digit of k(z)?
1
Let p(d) = 3*d**2 + 3*d - 4. Let w be p(-3). Let k = 35 - w. Let l = k - 12. What is the units digit of l?
9
Let v = -2 - 4. Let k = -3 - v. Suppose -k*t + 4 + 5 = 0. What is the units digit of t?
3
What is the units digit of (-12)/(-8)*(-30)/(-9)?
5
Suppose 6 + 12 = 2*g. Let d be 12/(-9)*g/(-6). Suppose 0 = -d*x, 5*x - 4*x - 55 = -5*a. What is the units digit of a?
1
Let n = -60 - -107. What is the tens digit of n?
4
Suppose -h = -4 + 2. Suppose -2*l + 0 = -h. Suppose -5*r - l = -76. What is the units digit of r?
5
Suppose 3*x = -g + 371, x - 3*g - 113 = 2*g. What is the tens digit of x?
2
Let c be (1 + -1)/((-3)/1). Suppose c = 4*v - 2*t - 68, -5*t - 90 + 16 = -4*v. What is the tens digit of v?
1
Let k(b) = 2*b + 5. Let d be k(-8). Let v = 26 + d. Suppose -2*g = -v - 13. What is the tens digit of g?
1
What is the units digit of (4 + -8)/(-4) + 71?
2
Let h be 1 + (-28)/8*8. What is the units digit of 0/(2/(-1)) - h?
7
Let y = 633 - 270. What is the units digit of y?
3
Suppose -n - 5*p + 59 = 0, 4*n + 5*p - 215 = -n. What is the units digit of n?
9
Let a(q) = q**2 - 13*q - 10. Let i be a(14). Suppose 3*z + i*t - 3*t - 16 = 0, -3*z = 2*t - 17. What is the units digit of z?
5
Suppose 3*j = -5*u + 134, -5*u + 3*j = -2*u - 66. What is the tens digit of u?
2
Let h be -2 - 0 - (10 + -17). Suppose -3*x + w = -h*x + 115, -4*w = -3*x + 200. What is the tens digit of x?
6
Let g(k) = -k**2 - k + 6. Let v be g(0). Let j(m) = -m**2 + 10*m. What is the tens digit of j(v)?
2
Let t(z) = -z - 12. Let p be t(-10). Let q = 3 + p. What is the units digit of q?
1
Let x(z) = z - 6*z - 3*z + 5*z**2 + 0*z**2 + z**3 - 8. What is the units digit of x(-6)?
4
Let b = -7 - -40. What is the units digit of b?
3
Let r(u) = u**2 + 2*u + 3. Let l be r(-2). Suppose -2*f - 4*y + 7*y = -8, f + l*y = -5. What is the units digit of f/(-3)*(-6)/1?
2
Suppose -g - 3 - 2 = 4*z, 5*z = -2*g - 4. Suppose -92 = -g*n - n. What is the units digit of n?
3
What is the tens digit of (-251)/(-11) - 4/(-22)?
2
Let w(k) = k**2 - 2*k + 2. Let c be w(3). Suppose c*i = 2 + 8. Let q = 0 + i. What is the units digit of q?
2
Let w be ((-10)/(-4))/((-2)/(-4)). Suppose 0 = 4*s + w*r - 37, r + 22 = 4*s - 9. What is the units digit of s?
8
Let f = -400 + 700. What is the hundreds digit of f?
3
Let r(c) = 2*c**2. Let i be 12 - 9 - 2/(-2). What is the units digit of r(i)?
2
Let y(u) = -u**3 + 3*u**2 + 6 - 7 + 2*u**2 - 5. Let v be y(5). What is the units digit of (-20)/(-6) + v/(-9)?
4
Let n(u) = -3*u. Let y be 2/((-6)/15) - -2. What is the units digit of n(y)?
9
Let y = -8 + 27. Suppose -2*a + y = -21. Suppose -4*v - v = -a. What is the units digit of v?
4
Let c be 2/12 + (-5)/(-6). Let b be -27 + (1 - (0 + c)). What is the units digit of 3/12 + b/(-4)?
7
Suppose 4*r - 22 = 3*r. What is the tens digit of r?
2
Let r = -1 - -14. What is the units digit of (r + 2)*(-12)/(-15)?
2
Let d = 5 + -3. Suppose 3*g = 4 + d. Suppose -3*n + 5 = g*n. What is the units digit of n?
1
Let o(b) = -b + 5. Suppose 5*r - r - 36 = 0. Suppose a - 3*w - 10 = 0, 16 + r = -a - 4*w. What is the units digit of o(a)?
0
Let z be -2 + (-2 - 0)*1. Let p(j) = j - 1. Let x be p(-6). Let q = z - x. What is the units digit of q?
3
Let t = -13 + 179. What is the tens digit of t?
6
Let o = -23 + 40. What is the units digit of o?
7
Suppose 60 = 3*l - 39. What is the units digit of l?
3
Let l = 5 + -4. Suppose d - 2*d = l. What is the units digit of (-3)/3 + (d - -3)?
1
Let p(f) = 9*f + 1. Let q(r) = -17*r - 2. Let o(l) = 7*p(l) + 4*q(l). What is the tens digit of o(-3)?
1
Let v(a) = a**3 - 6*a**2 + 5. Let w be v(6). Suppose -14 = w*z - 7*z. What is the units digit of z?
7
Suppose -4*x = -3*d - 9, 3*x - 5*d = -0*x + 4. Suppose 0 = -x*t - 0*t + 45. What is the units digit of t?
5
Suppose 5*t = -t + 72. Let a(o) = 4*o - 18. What is the units digit of a(t)?
0
Let d be (-12)/9 + 12/9. Suppose -2*m = -d*m - 78. What is the units digit of m?
9
Suppose 3*l - 5*l = -2. What is the tens digit of (-4)/8*(l + -27)?
1
Suppose 5*x = x + 32. Let n = 16 + x. What is the units digit of n?
4
Suppose -6*t + 12 = -2*t. Let v(x) = 2*x**2 + 2*x + 4. What is the tens digit of v(t)?
2
What is the tens digit of 660/(-10)*((-1)/(-2))/(-1)?
3
Let y be 2*1 - (-3 + 5). Suppose 3*x = -y*x. Suppose -10*v + 5*v + 70 = x. What is the tens digit of v?
1
Let c(y) = -4*y**3 - 34*y**2 + 31*y - 31. Let t(i) = -i**3 - 11*i**2 + 10*i - 10. Let w(m) = 2*c(m) - 7*t(m). What is the tens digit of w(7)?
5
Let m = -102 + 181. What is the tens digit of m?
7
What is the units digit of (2/(-2))/((-17)/1207)?
1
Suppose -5*o - 2*x + 28 = 0, 4*o + x - 35 + 12 = 0. What is the units digit of (-3)/1*(-80)/o?
0
Suppose -4*x + 4 = -3*x. Let n be (1 + -1)*1*-1. Suppose -4*c - 4 = 0, n = -3*z + 5*c + x + 22. What is the units digit of z?
7
Let v be 3*(2 - (-2)/(-3)). Suppose -5*j + 4*k + 31 = 0, -j - 5*k - 13 - v = 0. What is the units digit of j?
3
Let i(a) = -2*a + 12. Let t be i(5). What is the tens digit of ((-3)/6 - t)*-14?
3
Let s(r) = 11*r**2 + 2*r - 15. What is the hundreds digit of s(-5)?
2
Suppose -3*v = -4*v - 8. Let l = 16 + v. What is the units digit of l?
8
Let r = -52 + 90. Suppose -2 - r = -4*q. What is the units digit of q?
0
Let i(c) = -8*c + 25. What is the tens digit of i(-7)?
8
Suppose 0 = -q + 3*q. Suppose -k = -q*k - 3. What is the units digit of k?
3
Suppose -4*a = 0, -2*a + a + 56 = o. What